n divisor of 13036 and 4.
4
Calculate the highest common factor of 395 and 915.
5
What is the highest common divisor of 33 and 84?
3
What is the highest common divisor of 7 and 4627?
7
Calculate the greatest common factor of 136 and 4165.
17
What is the greatest common factor of 13 and 3939?
13
What is the highest common factor of 114 and 266?
38
What is the greatest common divisor of 546 and 45591?
273
Calculate the highest common divisor of 75 and 325.
25
What is the greatest common factor of 101 and 202?
101
What is the greatest common factor of 4 and 51?
1
Calculate the greatest common divisor of 57 and 4617.
57
What is the greatest common factor of 6 and 8?
2
Calculate the highest common divisor of 63 and 28.
7
What is the greatest common divisor of 52 and 325?
13
Calculate the highest common factor of 180 and 1476.
36
Calculate the greatest common factor of 1254 and 5874.
66
Calculate the highest common divisor of 400 and 16.
16
What is the greatest common factor of 72 and 744?
24
Calculate the highest common factor of 140 and 68.
4
What is the highest common divisor of 22918 and 14?
14
Calculate the greatest common factor of 3 and 660.
3
What is the highest common divisor of 4720 and 80?
80
What is the greatest common factor of 6735 and 285?
15
What is the highest common factor of 8 and 12?
4
Calculate the highest common factor of 3298 and 170.
34
Calculate the greatest common divisor of 4610 and 15.
5
Calculate the greatest common factor of 11 and 226.
1
Calculate the highest common factor of 128 and 1.
1
Calculate the highest common factor of 350 and 100.
50
What is the highest common divisor of 119 and 119?
119
What is the highest common factor of 5 and 320?
5
What is the greatest common divisor of 69 and 33?
3
Calculate the highest common factor of 120 and 1830.
30
Calculate the greatest common divisor of 1284 and 12.
12
Calculate the highest common divisor of 18 and 738.
18
Calculate the highest common divisor of 9747 and 54.
27
Calculate the greatest common factor of 180 and 100.
20
Calculate the greatest common divisor of 7271 and 11.
11
Calculate the greatest common factor of 20 and 8.
4
Calculate the greatest common factor of 360 and 100.
20
What is the greatest common divisor of 9126 and 18?
18
What is the greatest common factor of 368 and 64?
16
What is the greatest common factor of 60 and 15?
15
Calculate the greatest common divisor of 55 and 5522.
11
What is the highest common factor of 28 and 539?
7
Calculate the greatest common factor of 198 and 1012.
22
Calculate the highest common factor of 7 and 1351.
7
What is the highest common factor of 117 and 117?
117
Calculate the greatest common divisor of 234 and 1989.
117
Calculate the greatest common factor of 2690 and 10.
10
Calculate the greatest common factor of 72 and 32.
8
Calculate the greatest common divisor of 192 and 16.
16
What is the highest common divisor of 300 and 100?
100
Calculate the highest common factor of 16 and 648.
8
What is the greatest common factor of 184 and 437?
23
Calculate the greatest common factor of 572 and 220.
44
Calculate the highest common factor of 722 and 38.
38
Calculate the greatest common divisor of 7171 and 142.
71
What is the highest common factor of 1349 and 71?
71
What is the greatest common divisor of 21 and 1393?
7
Calculate the greatest common divisor of 790 and 316.
158
Calculate the highest common divisor of 5 and 85.
5
Calculate the greatest common factor of 14 and 1694.
14
What is the highest common factor of 28 and 441?
7
What is the highest common divisor of 24 and 9?
3
Calculate the greatest common factor of 8 and 94.
2
What is the highest common factor of 168 and 24?
24
Calculate the highest common divisor of 33 and 231.
33
Calculate the highest common factor of 871 and 67.
67
What is the greatest common divisor of 93 and 9021?
93
What is the greatest common divisor of 35 and 55?
5
Calculate the highest common divisor of 5771 and 29.
29
What is the greatest common factor of 924 and 1056?
132
Calculate the greatest common factor of 540 and 228.
12
What is the greatest common factor of 294 and 2205?
147
What is the highest common factor of 40 and 6704?
8
What is the greatest common divisor of 19 and 437?
19
Calculate the greatest common factor of 12 and 224.
4
What is the greatest common divisor of 384 and 12?
12
Calculate the greatest common factor of 255 and 408.
51
What is the highest common divisor of 144 and 4464?
144
Calculate the highest common divisor of 154 and 22.
22
Calculate the highest common factor of 6 and 6.
6
Calculate the highest common factor of 5 and 7265.
5
Calculate the highest common divisor of 22610 and 95.
95
Calculate the greatest common factor of 15 and 35.
5
What is the highest common factor of 477 and 4611?
159
What is the highest common factor of 209 and 11?
11
Calculate the highest common divisor of 53 and 10.
1
Calculate the greatest common factor of 146 and 365.
73
What is the greatest common divisor of 406 and 182?
14
Calculate the highest common divisor of 950 and 21375.
475
What is the greatest common divisor of 16331 and 7?
7
Calculate the greatest common factor of 2414 and 426.
142
Calculate the highest common divisor of 60 and 36.
12
What is the highest common factor of 21 and 651?
21
Calculate the highest common divisor of 1044 and 6.
6
Calculate the highest common factor of 7 and 952.
7
What is the greatest common divisor of 1411 and 17?
17
What is the highest common divisor of 16 and 36?
4
Calculate the greatest common factor of 16736 and 32.
32
Calculate the highest common divisor of 49 and 49.
49
What is the highest common factor of 112 and 4336?
16
What is the highest common divisor of 35 and 3010?
35
Calculate the greatest common divisor of 3225 and 15.
15
Calculate the greatest common factor of 8 and 632.
8
What is the greatest common divisor of 107 and 2033?
107
What is the greatest common factor of 390 and 720?
30
Calculate the greatest common divisor of 618 and 13081.
103
What is the highest common divisor of 210 and 195?
15
What is the greatest common factor of 161 and 92?
23
What is the highest common factor of 4668 and 12?
12
What is the highest common divisor of 7938 and 1078?
98
Calculate the highest common factor of 5 and 8.
1
Calculate the greatest common divisor of 15 and 4.
1
Calculate the greatest common factor of 3920 and 525.
35
Calculate the highest common divisor of 9409 and 1552.
97
What is the greatest common divisor of 133 and 836?
19
Calculate the highest common divisor of 1330 and 28.
14
What is the greatest common divisor of 129 and 731?
43
Calculate the greatest common factor of 1073 and 29.
29
Calculate the greatest common factor of 165 and 132.
33
Calculate the highest common divisor of 11 and 396.
11
What is the highest common factor of 180 and 855?
45
What is the greatest common divisor of 899 and 58?
29
What is the highest common divisor of 2304 and 72?
72
What is the highest common divisor of 45 and 18?
9
Calculate the highest common divisor of 41 and 1107.
41
Calculate the highest common divisor of 1090 and 190.
10
Calculate the greatest common factor of 483 and 138.
69
Calculate the highest common divisor of 141 and 10293.
141
Calculate the highest common divisor of 285 and 5795.
95
Calculate the highest common factor of 190 and 40.
10
What is the greatest common divisor of 108 and 1044?
36
What is the greatest common divisor of 100 and 18?
2
Calculate the greatest common factor of 9140 and 20.
20
Calculate the greatest common factor of 212 and 7102.
106
Calculate the highest common factor of 624 and 6.
6
Calculate the greatest common factor of 2139 and 744.
93
Calculate the highest common factor of 320 and 24.
8
Calculate the greatest common divisor of 216 and 48.
24
Calculate the highest common factor of 32 and 1888.
32
What is the greatest common factor of 60 and 15?
15
Calculate the highest common factor of 6160 and 32.
16
Calculate the greatest common divisor of 171 and 2.
1
Calculate the highest common factor of 77 and 175.
7
Calculate the highest common factor of 34 and 10812.
34
Calculate the highest common divisor of 897 and 351.
39
Calculate the greatest common divisor of 1027 and 395.
79
Calculate the greatest common factor of 9 